{"id":111,"date":"2014-06-15T00:18:04","date_gmt":"2014-06-14T22:18:04","guid":{"rendered":"http:\/\/www.wababbel.de\/christine\/?page_id=111"},"modified":"2014-06-16T00:18:21","modified_gmt":"2014-06-15T22:18:21","slug":"zur-autorin","status":"publish","type":"page","link":"https:\/\/fringillallala.wababbel.de\/?page_id=111","title":{"rendered":"Zur Autorin"},"content":{"rendered":"<p>l\u00e4sst sich hier nichts Eindeutiges sagen. Wie alle Personen ist sie vielschichtig, widerspr\u00fcchlich und \u00e4ndert sich. Man lernt sie vielleicht etwas kennen, wenn man hier immer mal wieder reinliest.<\/p>\n<p>Zum Beispiel hat sie heute mit einem Geschirrtuch eine dicke irische Fliege am K\u00fcchenfenster erlegt. Nach einigen Schl\u00e4gen mit dem Tuch gelang es ihr, dass die Fliege sich hinter einem Vorh\u00e4ngle verkroch und in Sicherheit w\u00e4gte, wo die Autorin sie mit dem Geschirrtuch zu Tode dr\u00fccken konnte. Danach hat sie \u201cSorry\u201d gesagt, und sich gar nicht gut gef\u00fchlt.<\/p>\n<p>Aber einer dicken Fliege folgen mehrere, und die K\u00fcche ist einfach nicht das richtige Habitat f\u00fcr Fliegen, (hat sich die Autorin gesagt.) Und gedacht, dass es Zeit wird f\u00fcr die Dinger, die man ans Fenster klebt, mit Sonnenblumenbildchen drauf, um die Fliegen zu vergiften, so dass sie dann tot herunterfallen, und man sie vom Fensterbrett entfernen muss. Das tut die Autorin auch nicht gern, denn die toten Fliegen haben die Tendenz, zu zerfallen.<br \/>\nAm liebsten w\u00e4re es ihr, sie w\u00fcrden gar nicht erst ins Haus fliegen.<\/p>\n","protected":false},"excerpt":{"rendered":"<p>l\u00e4sst sich hier nichts Eindeutiges sagen. Wie alle Personen ist sie vielschichtig, widerspr\u00fcchlich und \u00e4ndert sich. Man lernt sie vielleicht etwas kennen, wenn man hier immer mal wieder reinliest. Zum Beispiel hat sie heute mit einem Geschirrtuch eine dicke irische Fliege am K\u00fcchenfenster erlegt. Nach einigen Schl\u00e4gen mit dem Tuch gelang es ihr, dass die &hellip; <a href=\"https:\/\/fringillallala.wababbel.de\/?page_id=111\" class=\"more-link\"><span class=\"screen-reader-text\">Zur Autorin<\/span> weiterlesen<\/a><\/p>\n","protected":false},"author":24,"featured_media":0,"parent":0,"menu_order":0,"comment_status":"open","ping_status":"open","template":"","meta":{"footnotes":""},"class_list":["post-111","page","type-page","status-publish","hentry"],"_links":{"self":[{"href":"https:\/\/fringillallala.wababbel.de\/index.php?rest_route=\/wp\/v2\/pages\/111","targetHints":{"allow":["GET"]}}],"collection":[{"href":"https:\/\/fringillallala.wababbel.de\/index.php?rest_route=\/wp\/v2\/pages"}],"about":[{"href":"https:\/\/fringillallala.wababbel.de\/index.php?rest_route=\/wp\/v2\/types\/page"}],"author":[{"embeddable":true,"href":"https:\/\/fringillallala.wababbel.de\/index.php?rest_route=\/wp\/v2\/users\/24"}],"replies":[{"embeddable":true,"href":"https:\/\/fringillallala.wababbel.de\/index.php?rest_route=%2Fwp%2Fv2%2Fcomments&post=111"}],"version-history":[{"count":8,"href":"https:\/\/fringillallala.wababbel.de\/index.php?rest_route=\/wp\/v2\/pages\/111\/revisions"}],"predecessor-version":[{"id":140,"href":"https:\/\/fringillallala.wababbel.de\/index.php?rest_route=\/wp\/v2\/pages\/111\/revisions\/140"}],"wp:attachment":[{"href":"https:\/\/fringillallala.wababbel.de\/index.php?rest_route=%2Fwp%2Fv2%2Fmedia&parent=111"}],"curies":[{"name":"wp","href":"https:\/\/api.w.org\/{rel}","templated":true}]}}